{"id":128,"date":"2024-12-04T10:47:38","date_gmt":"2024-12-04T09:47:38","guid":{"rendered":"https:\/\/gruene-radolfshausen.de\/?page_id=128"},"modified":"2025-03-03T09:49:34","modified_gmt":"2025-03-03T08:49:34","slug":"wahlkampfspenden-fuer-viola-von-cramon","status":"publish","type":"page","link":"https:\/\/gruene-radolfshausen.de\/?page_id=128","title":{"rendered":"Spenden"},"content":{"rendered":"\n<figure class=\"wp-block-image size-full\"><a href=\"https:\/\/www.gruene.de\/service\/spenden-und-transparenz\"><img loading=\"lazy\" decoding=\"async\" width=\"851\" height=\"315\" src=\"https:\/\/gruene-radolfshausen.de\/wp-content\/uploads\/sites\/257\/2025\/03\/Bundetagswahlkampf-Viola-von-Cramon-Facebook-Post.png\" alt=\"\" class=\"wp-image-217\" srcset=\"https:\/\/gruene-radolfshausen.de\/wp-content\/uploads\/sites\/257\/2025\/03\/Bundetagswahlkampf-Viola-von-Cramon-Facebook-Post.png 851w, https:\/\/gruene-radolfshausen.de\/wp-content\/uploads\/sites\/257\/2025\/03\/Bundetagswahlkampf-Viola-von-Cramon-Facebook-Post-300x111.png 300w, https:\/\/gruene-radolfshausen.de\/wp-content\/uploads\/sites\/257\/2025\/03\/Bundetagswahlkampf-Viola-von-Cramon-Facebook-Post-768x284.png 768w\" sizes=\"auto, (max-width: 851px) 100vw, 851px\" \/><\/a><\/figure>\n\n\n\n<p>Du willst unsere Arbeit in Radolfshausen und unseren n\u00e4chsten Wahlkampf unterst\u00fctzen? Ohne Gr\u00fcn geht f\u00fcr dich nichts? Aber die Zeit fehlt?<\/p>\n\n\n\n<p>Kein Problem. Wir freuen uns \u00fcber jede Spende.<\/p>\n\n\n\n<p><strong>Spendenkonto: <\/strong>DE46 2605 0001 0056 0923 15<\/p>\n\n\n\n<p>B\u00fcndnis 90\/ Die Gr\u00fcnen Ortsverband Radolfshausen<\/p>\n\n\n\n<p><strong>Spendenbetreff:<\/strong> <strong>\u201cSpende Gr\u00fcne Radolfshausen\u201d<\/strong><\/p>\n\n\n\n<p><strong>WICHTIG<\/strong>: bitte unbedingt Name und Adresse bei einer Spende angeben.<\/p>\n\n\n\n<p><\/p>\n\n\n\n<p><\/p>\n","protected":false},"excerpt":{"rendered":"<p>Du willst unsere Arbeit in Radolfshausen und unseren n\u00e4chsten Wahlkampf unterst\u00fctzen? Ohne Gr\u00fcn geht f\u00fcr dich nichts? Aber die Zeit fehlt? Kein Problem. Wir freuen uns \u00fcber jede Spende. Spendenkonto: [&hellip;]<\/p>\n","protected":false},"author":530,"featured_media":0,"parent":0,"menu_order":0,"comment_status":"closed","ping_status":"closed","template":"","meta":{"footnotes":""},"class_list":["post-128","page","type-page","status-publish","hentry"],"_links":{"self":[{"href":"https:\/\/gruene-radolfshausen.de\/index.php?rest_route=\/wp\/v2\/pages\/128","targetHints":{"allow":["GET"]}}],"collection":[{"href":"https:\/\/gruene-radolfshausen.de\/index.php?rest_route=\/wp\/v2\/pages"}],"about":[{"href":"https:\/\/gruene-radolfshausen.de\/index.php?rest_route=\/wp\/v2\/types\/page"}],"author":[{"embeddable":true,"href":"https:\/\/gruene-radolfshausen.de\/index.php?rest_route=\/wp\/v2\/users\/530"}],"replies":[{"embeddable":true,"href":"https:\/\/gruene-radolfshausen.de\/index.php?rest_route=%2Fwp%2Fv2%2Fcomments&post=128"}],"version-history":[{"count":9,"href":"https:\/\/gruene-radolfshausen.de\/index.php?rest_route=\/wp\/v2\/pages\/128\/revisions"}],"predecessor-version":[{"id":219,"href":"https:\/\/gruene-radolfshausen.de\/index.php?rest_route=\/wp\/v2\/pages\/128\/revisions\/219"}],"wp:attachment":[{"href":"https:\/\/gruene-radolfshausen.de\/index.php?rest_route=%2Fwp%2Fv2%2Fmedia&parent=128"}],"curies":[{"name":"wp","href":"https:\/\/api.w.org\/{rel}","templated":true}]}}